{"id":22772,"date":"2018-03-18T09:15:36","date_gmt":"2018-03-18T09:15:36","guid":{"rendered":"https:\/\/salumeriaittica.org\/prodotto\/porchetta-di-tonno\/"},"modified":"2026-08-31T16:40:35","modified_gmt":"2026-08-31T16:40:35","slug":"porchetta-di-tonno","status":"publish","type":"product","link":"https:\/\/salumeriaittica.org\/fr\/prodotto\/porchetta-di-tonno\/","title":{"rendered":"Porchetta au thon"},"content":{"rendered":"<div>\n<h1>Porchetta au thon<\/h1>\n<p>La porchetta au thon a une <strong>forme cylindrique<\/strong> reconnaissable qui, une fois enti\u00e8re, p\u00e8se entre 2,5 <strong>et 4 kg.<br \/>\n<\/strong> Sa chair blanche et rose est <strong>ponctu\u00e9e par la couleur brune<\/strong> des \u00e9pices avec lesquelles elle est pr\u00e9par\u00e9e. Ce sont les \u00e9pices, et en particulier les m\u00e9diterran\u00e9ennes, qui lui conf\u00e8rent aussi ce go\u00fbt particulier et savoureux.<br \/>\n Traditionnellement servie froide en cubes ou tranches en ap\u00e9ritif, <strong>la porchetta au thon<\/strong> se pr\u00eate \u00e0 de nombreuses pr\u00e9parations : elle peut \u00eatre consomm\u00e9e en second plat mais est surtout appr\u00e9ci\u00e9e comme l\u2019ingr\u00e9dient principal d\u2019un <strong>sandwich succulent<\/strong>. <strong>Pour 100 grains<\/strong> de Tuna Porchetta, qui a une <strong>tr\u00e8s faible valeur \u00e9nerg\u00e9tique de 82 Kcal avec une forte valeur en prot\u00e9ines<\/strong> d\u2019environ 20 grains de prot\u00e9ines, et une tr\u00e8s faible valeur en mati\u00e8res grasses 0,4 gramme. de mati\u00e8res grasses, et 0 gramme. de glucides. C\u2019est le secret de la production de notre <strong>Tuna Porchetta<\/strong> ; un produit naturellement transform\u00e9, avec une tr\u00e8s forte teneur nutritionnelle incluant :  <\/p>\n<\/div>\n<div>\n<ul>\n<li>Teneur \u00e9lev\u00e9e en prot\u00e9ines Approximativement<\/li>\n<li>R\u00e9duction de la teneur en mati\u00e8res grasses (seulement 0,9 %)<\/li>\n<li>Il contient des Om\u00e9ga 3 et 6, pr\u00e9cieux alli\u00e9s de notre corps<\/li>\n<li>Elle contient de nombreux min\u00e9raux tels que le potassium, le s\u00e9l\u00e9nium et le phosphore<\/li>\n<li>Il existe aussi des vitamines B<\/li>\n<li>Id\u00e9al dans les r\u00e9gimes pauvres en calories<\/li>\n<li>Sans gluten<\/li>\n<li>Incroyablement bon et l\u00e9ger, id\u00e9al pour les r\u00e9gimes pauvres en calories.<\/li>\n<li>Adapt\u00e9 aux sportifs et aux passionn\u00e9s de sant\u00e9<\/li>\n<\/ul>\n<p><strong>La cuisson<\/strong>, r\u00e9alis\u00e9e \u00e0 <strong>une temp\u00e9rature comprise entre 160 et 280 \u00b0C<\/strong>, peut durer d\u2019un minimum de trois \u00e0 un maximum de six heures. Une fois cuite, cependant, elle n\u2019est pas encore pr\u00eate. En fait, il est temps de <strong>refroidir dans des pi\u00e8ces sp\u00e9ciales<\/strong>, pendant quelques heures.<br \/>\n Sur le march\u00e9, la porchetta au thon peut \u00eatre<strong> trouv\u00e9e enti\u00e8re<\/strong>, sous<strong> forme de b\u00fbches<\/strong>, en <strong>tranches<\/strong> ou <strong>tranch\u00e9es.<\/strong>  <\/p>\n<p><strong>Emballage : <\/strong>emballage sous vide<\/p>\n<p><strong>Dur\u00e9e : 6<\/strong>0 jours<\/p>\n<p><strong>Disponibilit\u00e9 : <\/strong>toute l\u2019ann\u00e9e<\/p>\n<ul>\n<li>Prix \u20ac\/kg 91,00<strong>Ingr\u00e9dients :<\/strong> <strong>thon jaune cuit<\/strong> (Thunnus albacares), <strong>ESPADON<\/strong> (Xiphias gladius), \u00e9pices, plantes aromatiques d\u00e9shydrat\u00e9es, sel Volterra, sucre.<\/li>\n<\/ul>\n<p>ALLERG\u00c8NES :<strong> POISSON<br \/>\n<\/strong>: Peut contenir des traces de :<strong> MOLLUSQUES, NOIX, CRUSTAC\u00c9S<\/strong><\/p>\n<\/div>\n<div class=\"tabella-nutrizionale-container\" style=\"max-width: 400px; margin: 20px 0; font-family: -apple-system, BlinkMacSystemFont, 'Segoe UI', Roboto, Helvetica, Arial, sans-serif; border: 1px solid #e0e0e0; border-radius: 8px; overflow: hidden; box-shadow: 0 2px 4px rgba(0,0,0,0.05);\">\n<div style=\"background-color: #f8f9fa; padding: 15px; border-bottom: 2px solid #222;\">\n<h3 style=\"margin: 0; font-size: 18px; font-weight: bold; uppercase; color: #222;\">Valeurs nutritionnelles<\/h3>\n<p style=\"margin: 5px 0 0 0; font-size: 13px; color: #666; font-style: italic;\">Valeurs moyennes pour 100g de produit<\/p>\n<\/div>\n<table style=\"width: 100%; border-collapse: collapse; margin: 0; background: #fff;\">\n<tbody>\n<tr style=\"border-bottom: 1px solid #eeeeee;\">\nValeur <\/p>\n<td style=\"padding: 12px 15px; font-weight: 600; color: #222; font-size: 14px;\">\u00e9nerg\u00e9tique<\/td>\n<td style=\"padding: 12px 15px; text-align: right; font-weight: 600; color: #222; font-size: 14px;\">592 kJ \/ 140 kcal<\/td>\n<\/tr>\n<tr style=\"border-bottom: 1px solid #eeeeee;\">\n<td style=\"padding: 12px 15px; font-weight: 600; color: #222; font-size: 14px;\">Graisse<\/td>\n<td style=\"padding: 12px 15px; text-align: right; color: #333; font-size: 14px;\">1,4 g<\/td>\n<\/tr>\n<tr style=\"border-bottom: 1px solid #eeeeee; background-color: #fafafa;\">\n<td style=\"padding: 10px 15px 10px 30px; color: #666; font-size: 13px;\"><em>dont Acides gras satur\u00e9s<\/em><\/td>\n<td style=\"padding: 10px 15px; text-align: right; color: #666; font-size: 13px;\">0,4 g<\/td>\n<\/tr>\n<tr style=\"border-bottom: 1px solid #eeeeee;\">\n<td style=\"padding: 12px 15px; font-weight: 600; color: #222; font-size: 14px;\">Glucides<\/td>\n<td style=\"padding: 12px 15px; text-align: right; color: #333; font-size: 14px;\">0,8 g<\/td>\n<\/tr>\n<tr style=\"border-bottom: 1px solid #eeeeee; background-color: #fafafa;\">\n<td style=\"padding: 10px 15px 10px 30px; color: #666; font-size: 13px;\"><em>dont sucres<\/em><\/td>\n<td style=\"padding: 10px 15px; text-align: right; color: #666; font-size: 13px;\">0,5 g<\/td>\n<\/tr>\n<tr style=\"border-bottom: 1px solid #eeeeee;\">\n<td style=\"padding: 12px 15px; font-weight: 600; color: #222; font-size: 14px;\">Prot\u00e9ine<\/td>\n<td style=\"padding: 12px 15px; text-align: right; color: #333; font-size: 14px;\">31 g<\/td>\n<\/tr>\n<tr style=\"border-bottom: 1px solid #222;\">\n<td style=\"padding: 12px 15px; font-weight: 600; color: #222; font-size: 14px;\">Sel<\/td>\n<td style=\"padding: 12px 15px; text-align: right; color: #333; font-size: 14px;\">0,9 g<\/td>\n<\/tr>\n<\/tbody>\n<\/table>\n<\/div>\n<div>\n<h2>La saveur et l\u2019ar\u00f4me de la porchetta au thon<\/h2>\n<p>ils sont intenses et typiques de la cuisine toscane, rappelant le pass\u00e9, excellents en <strong>entr\u00e9e avec un filet d\u2019huile d\u2019olive extra vierge, <\/strong> comme plat complet <strong>avec un accompagnement de l\u00e9gumes cuits et vapeur ou grill\u00e9s, ou comme garniture dans un pain arabe avec inslata, tomates et sauce yaourt.<br \/>\n \u00c9galement excellents<\/strong> utilis\u00e9s comme kebab dans les sandwichs et la sauce au yaourt.<\/p>\n<p><img loading=\"lazy\" decoding=\"async\" class=\"alignnone wp-image-10802 size-medium\" src=\"https:\/\/salumeriaittica.org\/wp-content\/uploads\/2018\/03\/Porchetta-di-Tonno-3-300x201.png\" alt=\"\" width=\"300\" height=\"201\" srcset=\"https:\/\/salumeriaittica.org\/wp-content\/uploads\/2018\/03\/Porchetta-di-Tonno-3-300x201.png 300w, https:\/\/salumeriaittica.org\/wp-content\/uploads\/2018\/03\/Porchetta-di-Tonno-3-1024x685.png 1024w, https:\/\/salumeriaittica.org\/wp-content\/uploads\/2018\/03\/Porchetta-di-Tonno-3-768x514.png 768w, https:\/\/salumeriaittica.org\/wp-content\/uploads\/2018\/03\/Porchetta-di-Tonno-3-1536x1028.png 1536w, https:\/\/salumeriaittica.org\/wp-content\/uploads\/2018\/03\/Porchetta-di-Tonno-3-2048x1371.png 2048w, https:\/\/salumeriaittica.org\/wp-content\/uploads\/2018\/03\/Porchetta-di-Tonno-3-500x335.png 500w, https:\/\/salumeriaittica.org\/wp-content\/uploads\/2018\/03\/Porchetta-di-Tonno-3-90x60.png 90w, https:\/\/salumeriaittica.org\/wp-content\/uploads\/2018\/03\/Porchetta-di-Tonno-3-134x90.png 134w\" sizes=\"auto, (max-width: 300px) 100vw, 300px\" \/><\/p>\n<p><strong>Recette : SCHIACCIATE AVEC DU THON DANS UNE PORCHETTA ET DU PROVOLONE<br \/>\n<\/strong> Commencez par pr\u00e9parer l\u2019huile aromatique : versez l\u2019huile d\u2019olive extra vierge dans une casserole et laissez-la refroidir l\u00e9g\u00e8rement, retirez-la du feu et ajoutez une gousse d\u2019ail coup\u00e9e en deux, ajoutez le romarin finement hach\u00e9 au couteau et les graines de fenouil sauvage que vous avez l\u00e9g\u00e8rement \u00e9cras\u00e9es avec la lame d\u2019un couteau pour lib\u00e9rer les ar\u00f4mes. Poivrez abondamment et laissez reposer et aromatisez l\u2019huile pendant au moins 2 heures.<br \/>\n Enlevez ensuite la peau du provolone et coupez-la en cubes ordinaires d\u2019environ 1 cm de chaque c\u00f4t\u00e9. Faites de m\u00eame avec les 2 tranches de porchetta au thon. Couvrez chaque schiacciata de cubes de porchetta au thon et de cubes de provolone. Enfin, ajoutez quelques feuilles de laurier, assaisonnez avec quelques gouttes d\u2019huile aromatique et mettez au four \u00e0 200 \u00b0C pendant quelques minutes, juste assez pour faire fondre le provolone et servir.    <\/p>\n<div class=\"mceTemp\"><\/div>\n<\/div>\n","protected":false},"excerpt":{"rendered":"<p><strong>Excellent<\/strong> en <strong>entr\u00e9e avec un filet d\u2019huile d\u2019olive extra vierge, <\/strong> comme plat complet <strong>avec un accompagnement de l\u00e9gumes cuits et cuits \u00e0 la vapeur ou grill\u00e9s, ou comme garniture dans un pain arabe avec inslata, tomates et sauce au yaourt. \u00c9galement excellent<\/strong> utilis\u00e9 comme kebab dans les sandwichs et la sauce au yaourt. Prix \u20ac\/kg 91,00 <\/p>\n","protected":false},"featured_media":22776,"comment_status":"open","ping_status":"closed","template":"","meta":{"_coblocks_attr":"","_coblocks_dimensions":"","_coblocks_responsive_height":"","_coblocks_accordion_ie_support":"","om_disable_all_campaigns":false,"_uf_show_specific_survey":0,"_uf_disable_surveys":false,"slim_seo":{"title":"Porchetta au thon - \u00ab Salumi di Mare \u00bb de Salumeria Ittica","description":"La porchetta de thon est transform\u00e9e dans notre usine en Toscane, o\u00f9 arrivent les meilleurs thons p\u00each\u00e9s dans les riches eaux de la mer M\u00e9diterran\u00e9e."}},"product_brand":[],"product_cat":[2848,3579],"product_tag":[4133,2856,3499],"class_list":["post-22772","product","type-product","status-publish","has-post-thumbnail","product_cat-porchetta","product_cat-viandes-cuites","product_tag-porchetta","product_tag-porchetta-di-tonno","product_tag-thon","yith_product_brand-viandes-salees-de-fruits-de-mer","first","instock","shipping-taxable","purchasable","product-type-variable"],"_links":{"self":[{"href":"https:\/\/salumeriaittica.org\/fr\/wp-json\/wp\/v2\/product\/22772","targetHints":{"allow":["GET"]}}],"collection":[{"href":"https:\/\/salumeriaittica.org\/fr\/wp-json\/wp\/v2\/product"}],"about":[{"href":"https:\/\/salumeriaittica.org\/fr\/wp-json\/wp\/v2\/types\/product"}],"replies":[{"embeddable":true,"href":"https:\/\/salumeriaittica.org\/fr\/wp-json\/wp\/v2\/comments?post=22772"}],"wp:featuredmedia":[{"embeddable":true,"href":"https:\/\/salumeriaittica.org\/fr\/wp-json\/wp\/v2\/media\/22776"}],"wp:attachment":[{"href":"https:\/\/salumeriaittica.org\/fr\/wp-json\/wp\/v2\/media?parent=22772"}],"wp:term":[{"taxonomy":"product_brand","embeddable":true,"href":"https:\/\/salumeriaittica.org\/fr\/wp-json\/wp\/v2\/product_brand?post=22772"},{"taxonomy":"product_cat","embeddable":true,"href":"https:\/\/salumeriaittica.org\/fr\/wp-json\/wp\/v2\/product_cat?post=22772"},{"taxonomy":"product_tag","embeddable":true,"href":"https:\/\/salumeriaittica.org\/fr\/wp-json\/wp\/v2\/product_tag?post=22772"}],"curies":[{"name":"wp","href":"https:\/\/api.w.org\/{rel}","templated":true}]}}

<div>
<h1>Porchetta au thon</h1>
<p>La porchetta au thon a une <strong>forme cylindrique</strong> reconnaissable qui, une fois entière, pèse entre 2,5 <strong>et 4 kg.<br />
</strong> Sa chair blanche et rose est <strong>ponctuée par la couleur brune</strong> des épices avec lesquelles elle est préparée. Ce sont les épices, et en particulier les méditerranéennes, qui lui confèrent aussi ce goût particulier et savoureux.<br />
 Traditionnellement servie froide en cubes ou tranches en apéritif, <strong>la porchetta au thon</strong> se prête à de nombreuses préparations : elle peut être consommée en second plat mais est surtout appréciée comme l’ingrédient principal d’un <strong>sandwich succulent</strong>. <strong>Pour 100 grains</strong> de Tuna Porchetta, qui a une <strong>très faible valeur énergétique de 82 Kcal avec une forte valeur en protéines</strong> d’environ 20 grains de protéines, et une très faible valeur en matières grasses 0,4 gramme. de matières grasses, et 0 gramme. de glucides. C’est le secret de la production de notre <strong>Tuna Porchetta</strong> ; un produit naturellement transformé, avec une très forte teneur nutritionnelle incluant :  </p>
</div>
<div>
<ul>
<li>Teneur élevée en protéines Approximativement</li>
<li>Réduction de la teneur en matières grasses (seulement 0,9 %)</li>
<li>Il contient des Oméga 3 et 6, précieux alliés de notre corps</li>
<li>Elle contient de nombreux minéraux tels que le potassium, le sélénium et le phosphore</li>
<li>Il existe aussi des vitamines B</li>
<li>Idéal dans les régimes pauvres en calories</li>
<li>Sans gluten</li>
<li>Incroyablement bon et léger, idéal pour les régimes pauvres en calories.</li>
<li>Adapté aux sportifs et aux passionnés de santé</li>
</ul>
<p><strong>La cuisson</strong>, réalisée à <strong>une température comprise entre 160 et 280 °C</strong>, peut durer d’un minimum de trois à un maximum de six heures. Une fois cuite, cependant, elle n’est pas encore prête. En fait, il est temps de <strong>refroidir dans des pièces spéciales</strong>, pendant quelques heures.<br />
 Sur le marché, la porchetta au thon peut être<strong> trouvée entière</strong>, sous<strong> forme de bûches</strong>, en <strong>tranches</strong> ou <strong>tranchées.</strong>  </p>
<p><strong>Emballage : </strong>emballage sous vide</p>
<p><strong>Durée : 6</strong>0 jours</p>
<p><strong>Disponibilité : </strong>toute l’année</p>
<ul>
<li>Prix €/kg 91,00<strong>Ingrédients :</strong> <strong>thon jaune cuit</strong> (Thunnus albacares), <strong>ESPADON</strong> (Xiphias gladius), épices, plantes aromatiques déshydratées, sel Volterra, sucre.</li>
</ul>
<p>ALLERGÈNES :<strong> POISSON<br />
</strong>: Peut contenir des traces de :<strong> MOLLUSQUES, NOIX, CRUSTACÉS</strong></p>
</div>
<div class="tabella-nutrizionale-container" style="max-width: 400px; margin: 20px 0; font-family: -apple-system, BlinkMacSystemFont, 'Segoe UI', Roboto, Helvetica, Arial, sans-serif; border: 1px solid #e0e0e0; border-radius: 8px; overflow: hidden; box-shadow: 0 2px 4px rgba(0,0,0,0.05);">
<div style="background-color: #f8f9fa; padding: 15px; border-bottom: 2px solid #222;">
<h3 style="margin: 0; font-size: 18px; font-weight: bold; uppercase; color: #222;">Valeurs nutritionnelles</h3>
<p style="margin: 5px 0 0 0; font-size: 13px; color: #666; font-style: italic;">Valeurs moyennes pour 100g de produit</p>
</div>
<table style="width: 100%; border-collapse: collapse; margin: 0; background: #fff;">
<tbody>
<tr style="border-bottom: 1px solid #eeeeee;">
Valeur </p>
<td style="padding: 12px 15px; font-weight: 600; color: #222; font-size: 14px;">énergétique</td>
<td style="padding: 12px 15px; text-align: right; font-weight: 600; color: #222; font-size: 14px;">592 kJ / 140 kcal</td>
</tr>
<tr style="border-bottom: 1px solid #eeeeee;">
<td style="padding: 12px 15px; font-weight: 600; color: #222; font-size: 14px;">Graisse</td>
<td style="padding: 12px 15px; text-align: right; color: #333; font-size: 14px;">1,4 g</td>
</tr>
<tr style="border-bottom: 1px solid #eeeeee; background-color: #fafafa;">
<td style="padding: 10px 15px 10px 30px; color: #666; font-size: 13px;"><em>dont Acides gras saturés</em></td>
<td style="padding: 10px 15px; text-align: right; color: #666; font-size: 13px;">0,4 g</td>
</tr>
<tr style="border-bottom: 1px solid #eeeeee;">
<td style="padding: 12px 15px; font-weight: 600; color: #222; font-size: 14px;">Glucides</td>
<td style="padding: 12px 15px; text-align: right; color: #333; font-size: 14px;">0,8 g</td>
</tr>
<tr style="border-bottom: 1px solid #eeeeee; background-color: #fafafa;">
<td style="padding: 10px 15px 10px 30px; color: #666; font-size: 13px;"><em>dont sucres</em></td>
<td style="padding: 10px 15px; text-align: right; color: #666; font-size: 13px;">0,5 g</td>
</tr>
<tr style="border-bottom: 1px solid #eeeeee;">
<td style="padding: 12px 15px; font-weight: 600; color: #222; font-size: 14px;">Protéine</td>
<td style="padding: 12px 15px; text-align: right; color: #333; font-size: 14px;">31 g</td>
</tr>
<tr style="border-bottom: 1px solid #222;">
<td style="padding: 12px 15px; font-weight: 600; color: #222; font-size: 14px;">Sel</td>
<td style="padding: 12px 15px; text-align: right; color: #333; font-size: 14px;">0,9 g</td>
</tr>
</tbody>
</table>
</div>
<div>
<h2>La saveur et l’arôme de la porchetta au thon</h2>
<p>ils sont intenses et typiques de la cuisine toscane, rappelant le passé, excellents en <strong>entrée avec un filet d’huile d’olive extra vierge, </strong> comme plat complet <strong>avec un accompagnement de légumes cuits et vapeur ou grillés, ou comme garniture dans un pain arabe avec inslata, tomates et sauce yaourt.<br />
 Également excellents</strong> utilisés comme kebab dans les sandwichs et la sauce au yaourt.</p>
<p><img loading="lazy" decoding="async" class="alignnone wp-image-10802 size-medium" src="https://salumeriaittica.org/wp-content/uploads/2018/03/Porchetta-di-Tonno-3-300x201.png" alt="" width="300" height="201" srcset="https://salumeriaittica.org/wp-content/uploads/2018/03/Porchetta-di-Tonno-3-300x201.png 300w, https://salumeriaittica.org/wp-content/uploads/2018/03/Porchetta-di-Tonno-3-1024x685.png 1024w, https://salumeriaittica.org/wp-content/uploads/2018/03/Porchetta-di-Tonno-3-768x514.png 768w, https://salumeriaittica.org/wp-content/uploads/2018/03/Porchetta-di-Tonno-3-1536x1028.png 1536w, https://salumeriaittica.org/wp-content/uploads/2018/03/Porchetta-di-Tonno-3-2048x1371.png 2048w, https://salumeriaittica.org/wp-content/uploads/2018/03/Porchetta-di-Tonno-3-500x335.png 500w, https://salumeriaittica.org/wp-content/uploads/2018/03/Porchetta-di-Tonno-3-90x60.png 90w, https://salumeriaittica.org/wp-content/uploads/2018/03/Porchetta-di-Tonno-3-134x90.png 134w" sizes="auto, (max-width: 300px) 100vw, 300px" /></p>
<p><strong>Recette : SCHIACCIATE AVEC DU THON DANS UNE PORCHETTA ET DU PROVOLONE<br />
</strong> Commencez par préparer l’huile aromatique : versez l’huile d’olive extra vierge dans une casserole et laissez-la refroidir légèrement, retirez-la du feu et ajoutez une gousse d’ail coupée en deux, ajoutez le romarin finement haché au couteau et les graines de fenouil sauvage que vous avez légèrement écrasées avec la lame d’un couteau pour libérer les arômes. Poivrez abondamment et laissez reposer et aromatisez l’huile pendant au moins 2 heures.<br />
 Enlevez ensuite la peau du provolone et coupez-la en cubes ordinaires d’environ 1 cm de chaque côté. Faites de même avec les 2 tranches de porchetta au thon. Couvrez chaque schiacciata de cubes de porchetta au thon et de cubes de provolone. Enfin, ajoutez quelques feuilles de laurier, assaisonnez avec quelques gouttes d’huile aromatique et mettez au four à 200 °C pendant quelques minutes, juste assez pour faire fondre le provolone et servir.    </p>
<div class="mceTemp"></div>
</div>

<p><strong>Excellent</strong> en <strong>entrée avec un filet d’huile d’olive extra vierge, </strong> comme plat complet <strong>avec un accompagnement de légumes cuits et cuits à la vapeur ou grillés, ou comme garniture dans un pain arabe avec inslata, tomates et sauce au yaourt. Également excellent</strong> utilisé comme kebab dans les sandwichs et la sauce au yaourt. Prix €/kg 91,00 </p>

La porchetta de thon est transformée dans notre usine en Toscane, où arrivent les meilleurs thons pêchés dans les riches eaux de la mer Méditerranée.
