{"id":22655,"date":"2003-06-21T13:25:50","date_gmt":"2003-06-21T13:25:50","guid":{"rendered":"https:\/\/salumeriaittica.org\/prodotto\/guanciale-di-ventresca-di-tonno-rosso-blue-finn\/"},"modified":"2026-08-31T16:49:19","modified_gmt":"2026-08-31T16:49:19","slug":"guanciale-di-ventresca-di-tonno-rosso-blue-finn","status":"publish","type":"product","link":"https:\/\/salumeriaittica.org\/es\/prodotto\/guanciale-di-ventresca-di-tonno-rosso-blue-finn\/","title":{"rendered":"MEJILLA DE AT\u00daN Barriga de at\u00fan de at\u00fan Mancha ALETA AZUL"},"content":{"rendered":"<div>\n<h1>GUANCIALE GUANCIALE Mancha de at\u00fan azul at\u00fan azul<\/h1>\n<p><span style=\"vertical-align: inherit;\"><span style=\"vertical-align: inherit;\">La barriga es el corte de at\u00fan m\u00e1s codiciado: el sabor natural de la grasa combina perfectamente con las notas de yodo del mar caracter\u00edsticas del pescado, que representa uno de los buques insignia del procesamiento mundial de pescado.  <\/span><span style=\"vertical-align: inherit;\">Este at\u00fan \u2014el thunnus thynnus, tambi\u00e9n conocido como at\u00fan rojo\u2014 es reconocido como uno de los peces m\u00e1s valiosos: solo hay que pensar que en la subasta de 2017 en el mercado de Tsukiji en Tokio se vendi\u00f3 un at\u00fan rojo de 212 kg por 600 mil euros.  <\/span><\/span><br \/>\n<span style=\"vertical-align: inherit;\"><span style=\"vertical-align: inherit;\">La part\u00edcula de at\u00fan azul BLUFIN de la Salumeria Ittica se obtiene de esta parte, la m\u00e1s valiosa<\/span><\/span><br \/>\n<span style=\"vertical-align: inherit;\"><span style=\"vertical-align: inherit;\">Sus caracter\u00edsticas peculiares se suman al condimento de m\u00e1s de 24 meses, el aroma de las especias utilizadas, la suavidad de la carne y el delicado ahumado elaborado con virutas de roble y haya, todo ello combinado con un condimento en c\u00e9lulas con humedad y temperatura controladas, y la salinizaci\u00f3n realizada manualmente con la venta de Volterra.  <\/span><span style=\"vertical-align: inherit;\">El cortador al vac\u00edo garantiza practicidad y alto rendimiento gracias a la excelente fijaci\u00f3n del corte que permite incluso cortes muy finos.<\/span><\/span><\/p>\n<p><strong><span style=\"vertical-align: inherit;\"><span style=\"vertical-align: inherit;\">Speck di Ventresca <\/span><\/span><\/strong><span style=\"vertical-align: inherit;\"><span style=\"vertical-align: inherit;\"> es un producto \u00daNICO procesado de forma natural, con un contenido nutricional muy alto, incluyendo:<\/span><\/span><\/p>\n<\/div>\n<div>\n<ul>\n<li><span style=\"vertical-align: inherit;\"><span style=\"vertical-align: inherit;\">Alto contenido proteico Aprox. 38%<\/span><\/span><\/li>\n<li><span style=\"vertical-align: inherit;\"><span style=\"vertical-align: inherit;\">Mayores de 24 meses<\/span><\/span><\/li>\n<li><span style=\"vertical-align: inherit;\"><span style=\"vertical-align: inherit;\">Ricos en Omega 3 y 6, aliados preciosos de nuestro cuerpo<\/span><\/span><\/li>\n<li><span style=\"vertical-align: inherit;\"><span style=\"vertical-align: inherit;\">Contiene muchos minerales como potasio, selenio y f\u00f3sforo<\/span><\/span><\/li>\n<li><span style=\"vertical-align: inherit;\"><span style=\"vertical-align: inherit;\">Tambi\u00e9n hay vitaminas del grupo B<\/span><\/span><\/li>\n<li><span style=\"vertical-align: inherit;\"><span style=\"vertical-align: inherit;\">Sin gluten<\/span><\/span><\/li>\n<li><span style=\"vertical-align: inherit;\"><span style=\"vertical-align: inherit;\">Incre\u00edblemente bueno y ligero.<\/span><\/span><\/li>\n<li><span style=\"vertical-align: inherit;\"><span style=\"vertical-align: inherit;\">Adecuado para deportistas y entusiastas de la salud<\/span><\/span><\/li>\n<\/ul>\n<\/div>\n<div>\n<p><span style=\"vertical-align: inherit;\"><span style=\"vertical-align: inherit;\">y que mantiene toda la ligereza t\u00edpica del pescado crudo pero con la m\u00e1xima garant\u00eda de alimento.<\/span><\/span><\/p>\n<p><strong><span style=\"vertical-align: inherit;\"><span style=\"vertical-align: inherit;\">Condimento: M\u00e1s de 24 MESES<\/span><\/span><\/strong><\/p>\n<p><strong><span style=\"vertical-align: inherit;\"><span style=\"vertical-align: inherit;\">Embalaje:<\/span><\/span><\/strong><span style=\"vertical-align: inherit;\"><span style=\"vertical-align: inherit;\"> envase al vac\u00edo<\/span><\/span><\/p>\n<p><strong><span style=\"vertical-align: inherit;\"><span style=\"vertical-align: inherit;\">Peso neto: ver pesos disponibles<\/span><\/span><\/strong><\/p>\n<p><strong><span style=\"vertical-align: inherit;\"><span style=\"vertical-align: inherit;\">Duraci\u00f3n: 120<\/span><\/span><\/strong><span style=\"vertical-align: inherit;\"><span style=\"vertical-align: inherit;\"> d\u00edas<\/span><\/span><\/p>\n<ul>\n<li>Precio \u20ac\/kg 178,50\n<div>Ingredientes: Vientre de <strong>at\u00fan rojo<\/strong> (Thunnus thinnus) Zona FAO 37,2,2; especias, hierbas arom\u00e1ticas, sal Volterra, az\u00facar, humo natural de haya y cerezos de las monta\u00f1as de Pistoia. M\u00e9todo de captura: LLD (Palangre a la deriva) <\/div>\n<div><\/div>\n<div>Condimento: M\u00c1S DE 18 MESES<\/div>\n<\/li>\n<\/ul>\n<p><span style=\"vertical-align: inherit;\"><span style=\"vertical-align: inherit;\">AL\u00c9RGENOS: <\/span><\/span><strong><span style=\"vertical-align: inherit;\"><span style=\"vertical-align: inherit;\">PESCADO<\/span><\/span><\/strong><\/p>\n<div class=\"tabella-nutrizionale-container\" style=\"max-width: 400px; margin: 20px 0; font-family: -apple-system, BlinkMacSystemFont, 'Segoe UI', Roboto, Helvetica, Arial, sans-serif; border: 1px solid #e0e0e0; border-radius: 8px; overflow: hidden; box-shadow: 0 2px 4px rgba(0,0,0,0.05);\">\n<div style=\"background-color: #f8f9fa; padding: 15px; border-bottom: 2px solid #222;\">\n<h3 style=\"margin: 0; font-size: 18px; font-weight: bold; uppercase; color: #222;\">Valores nutricionales<\/h3>\n<p style=\"margin: 5px 0 0 0; font-size: 13px; color: #666; font-style: italic;\">Valores medios por cada 100g de producto<\/p>\n<\/div>\n<table style=\"width: 100%; border-collapse: collapse; margin: 0; background: #fff;\">\n<tbody>\n<tr style=\"border-bottom: 1px solid #eeeeee;\">\nValor <\/p>\n<td style=\"padding: 12px 15px; font-weight: 600; color: #222; font-size: 14px;\">energ\u00e9tico<\/td>\n<td style=\"padding: 12px 15px; text-align: right; font-weight: 600; color: #222; font-size: 14px;\">649 kJ \/ 155 kcal<\/td>\n<\/tr>\n<tr style=\"border-bottom: 1px solid #eeeeee;\">\n<td style=\"padding: 12px 15px; font-weight: 600; color: #222; font-size: 14px;\">Grasa<\/td>\n<td style=\"padding: 12px 15px; text-align: right; color: #333; font-size: 14px;\">4,9 g<\/td>\n<\/tr>\n<tr style=\"border-bottom: 1px solid #eeeeee; background-color: #fafafa;\">\n<td style=\"padding: 10px 15px 10px 30px; color: #666; font-size: 13px;\"><em>de los cuales \u00e1cidos grasos saturados<\/em><\/td>\n<td style=\"padding: 10px 15px; text-align: right; color: #666; font-size: 13px;\">1,2 g<\/td>\n<\/tr>\n<tr style=\"border-bottom: 1px solid #eeeeee;\">\n<td style=\"padding: 12px 15px; font-weight: 600; color: #222; font-size: 14px;\">Carbohidratos<\/td>\n<td style=\"padding: 12px 15px; text-align: right; color: #333; font-size: 14px;\">1,5 g<\/td>\n<\/tr>\n<tr style=\"border-bottom: 1px solid #eeeeee; background-color: #fafafa;\">\n<td style=\"padding: 10px 15px 10px 30px; color: #666; font-size: 13px;\"><em>de los cuales Az\u00facares<\/em><\/td>\n<td style=\"padding: 10px 15px; text-align: right; color: #666; font-size: 13px;\">0,8 g<\/td>\n<\/tr>\n<tr style=\"border-bottom: 1px solid #eeeeee;\">\n<td style=\"padding: 12px 15px; font-weight: 600; color: #222; font-size: 14px;\">Prote\u00edna<\/td>\n<td style=\"padding: 12px 15px; text-align: right; color: #333; font-size: 14px;\">31 g<\/td>\n<\/tr>\n<tr style=\"border-bottom: 1px solid #222;\">\n<td style=\"padding: 12px 15px; font-weight: 600; color: #222; font-size: 14px;\">Sal<\/td>\n<td style=\"padding: 12px 15px; text-align: right; color: #333; font-size: 14px;\">1,2 g<\/td>\n<\/tr>\n<\/tbody>\n<\/table>\n<\/div>\n<p>&nbsp;<\/p>\n<p>&nbsp;<\/p>\n<\/div>\n","protected":false},"excerpt":{"rendered":"<p>Sus caracter\u00edsticas peculiares son, adem\u00e1s del condimento de m\u00e1s de 24 meses, el aroma de las especias utilizadas, la suavidad de la carne y el delicado ahumado elaborado con virutas de roble y haya, todo ello combinado con un condimento en c\u00e9lulas con humedad y temperatura controladas.<br \/>\n Precio \u20ac\/kg 178,50<\/p>\n","protected":false},"featured_media":22661,"comment_status":"open","ping_status":"closed","template":"","meta":{"_coblocks_attr":"","_coblocks_dimensions":"","_coblocks_responsive_height":"","_coblocks_accordion_ie_support":"","om_disable_all_campaigns":false,"_uf_show_specific_survey":0,"_uf_disable_surveys":false,"slim_seo":{"title":"GUANCIALE DI TONNO rosso BlUFIN - \"Salumi di Mare\"","description":"La Guanciale de barriga de at\u00fan blufin de Salumeria Ittica es un producto gastron\u00f3mico muy fino, obtenido de la preparaci\u00f3n del filete magro de pez espada mediterr\u00e1neo y sazonado con ventilaci\u00f3n natural. Tiene un sabor intenso; debe cortarse en rodajas muy finas que se sazonan con aceite de oliva virgen extra."}},"product_brand":[],"product_cat":[1988,1989],"product_tag":[1992,1993,1994,1991,1990],"class_list":["post-22655","product","type-product","status-publish","has-post-thumbnail","product_cat-embutidos-curados","product_cat-speck","product_tag-delicatessen-de-pescado","product_tag-mejilla-de-atun","product_tag-mejilla-de-mar","product_tag-mota-de-pez-espada","product_tag-speck","yith_product_brand-embutidos-curados-de-marisco","first","instock","sold-individually","shipping-taxable","purchasable","product-type-variable"],"_links":{"self":[{"href":"https:\/\/salumeriaittica.org\/es\/wp-json\/wp\/v2\/product\/22655","targetHints":{"allow":["GET"]}}],"collection":[{"href":"https:\/\/salumeriaittica.org\/es\/wp-json\/wp\/v2\/product"}],"about":[{"href":"https:\/\/salumeriaittica.org\/es\/wp-json\/wp\/v2\/types\/product"}],"replies":[{"embeddable":true,"href":"https:\/\/salumeriaittica.org\/es\/wp-json\/wp\/v2\/comments?post=22655"}],"wp:featuredmedia":[{"embeddable":true,"href":"https:\/\/salumeriaittica.org\/es\/wp-json\/wp\/v2\/media\/22661"}],"wp:attachment":[{"href":"https:\/\/salumeriaittica.org\/es\/wp-json\/wp\/v2\/media?parent=22655"}],"wp:term":[{"taxonomy":"product_brand","embeddable":true,"href":"https:\/\/salumeriaittica.org\/es\/wp-json\/wp\/v2\/product_brand?post=22655"},{"taxonomy":"product_cat","embeddable":true,"href":"https:\/\/salumeriaittica.org\/es\/wp-json\/wp\/v2\/product_cat?post=22655"},{"taxonomy":"product_tag","embeddable":true,"href":"https:\/\/salumeriaittica.org\/es\/wp-json\/wp\/v2\/product_tag?post=22655"}],"curies":[{"name":"wp","href":"https:\/\/api.w.org\/{rel}","templated":true}]}}

MEJILLA DE ATÚN Barriga de atún de atún Mancha ALETA AZUL

<div>
<h1>GUANCIALE GUANCIALE Mancha de atún azul atún azul</h1>
<p><span style="vertical-align: inherit;"><span style="vertical-align: inherit;">La barriga es el corte de atún más codiciado: el sabor natural de la grasa combina perfectamente con las notas de yodo del mar características del pescado, que representa uno de los buques insignia del procesamiento mundial de pescado.  </span><span style="vertical-align: inherit;">Este atún —el thunnus thynnus, también conocido como atún rojo— es reconocido como uno de los peces más valiosos: solo hay que pensar que en la subasta de 2017 en el mercado de Tsukiji en Tokio se vendió un atún rojo de 212 kg por 600 mil euros.  </span></span><br />
<span style="vertical-align: inherit;"><span style="vertical-align: inherit;">La partícula de atún azul BLUFIN de la Salumeria Ittica se obtiene de esta parte, la más valiosa</span></span><br />
<span style="vertical-align: inherit;"><span style="vertical-align: inherit;">Sus características peculiares se suman al condimento de más de 24 meses, el aroma de las especias utilizadas, la suavidad de la carne y el delicado ahumado elaborado con virutas de roble y haya, todo ello combinado con un condimento en células con humedad y temperatura controladas, y la salinización realizada manualmente con la venta de Volterra.  </span><span style="vertical-align: inherit;">El cortador al vacío garantiza practicidad y alto rendimiento gracias a la excelente fijación del corte que permite incluso cortes muy finos.</span></span></p>
<p><strong><span style="vertical-align: inherit;"><span style="vertical-align: inherit;">Speck di Ventresca </span></span></strong><span style="vertical-align: inherit;"><span style="vertical-align: inherit;"> es un producto ÚNICO procesado de forma natural, con un contenido nutricional muy alto, incluyendo:</span></span></p>
</div>
<div>
<ul>
<li><span style="vertical-align: inherit;"><span style="vertical-align: inherit;">Alto contenido proteico Aprox. 38%</span></span></li>
<li><span style="vertical-align: inherit;"><span style="vertical-align: inherit;">Mayores de 24 meses</span></span></li>
<li><span style="vertical-align: inherit;"><span style="vertical-align: inherit;">Ricos en Omega 3 y 6, aliados preciosos de nuestro cuerpo</span></span></li>
<li><span style="vertical-align: inherit;"><span style="vertical-align: inherit;">Contiene muchos minerales como potasio, selenio y fósforo</span></span></li>
<li><span style="vertical-align: inherit;"><span style="vertical-align: inherit;">También hay vitaminas del grupo B</span></span></li>
<li><span style="vertical-align: inherit;"><span style="vertical-align: inherit;">Sin gluten</span></span></li>
<li><span style="vertical-align: inherit;"><span style="vertical-align: inherit;">Increíblemente bueno y ligero.</span></span></li>
<li><span style="vertical-align: inherit;"><span style="vertical-align: inherit;">Adecuado para deportistas y entusiastas de la salud</span></span></li>
</ul>
</div>
<div>
<p><span style="vertical-align: inherit;"><span style="vertical-align: inherit;">y que mantiene toda la ligereza típica del pescado crudo pero con la máxima garantía de alimento.</span></span></p>
<p><strong><span style="vertical-align: inherit;"><span style="vertical-align: inherit;">Condimento: Más de 24 MESES</span></span></strong></p>
<p><strong><span style="vertical-align: inherit;"><span style="vertical-align: inherit;">Embalaje:</span></span></strong><span style="vertical-align: inherit;"><span style="vertical-align: inherit;"> envase al vacío</span></span></p>
<p><strong><span style="vertical-align: inherit;"><span style="vertical-align: inherit;">Peso neto: ver pesos disponibles</span></span></strong></p>
<p><strong><span style="vertical-align: inherit;"><span style="vertical-align: inherit;">Duración: 120</span></span></strong><span style="vertical-align: inherit;"><span style="vertical-align: inherit;"> días</span></span></p>
<ul>
<li>Precio €/kg 178,50
<div>Ingredientes: Vientre de <strong>atún rojo</strong> (Thunnus thinnus) Zona FAO 37,2,2; especias, hierbas aromáticas, sal Volterra, azúcar, humo natural de haya y cerezos de las montañas de Pistoia. Método de captura: LLD (Palangre a la deriva) </div>
<div></div>
<div>Condimento: MÁS DE 18 MESES</div>
</li>
</ul>
<p><span style="vertical-align: inherit;"><span style="vertical-align: inherit;">ALÉRGENOS: </span></span><strong><span style="vertical-align: inherit;"><span style="vertical-align: inherit;">PESCADO</span></span></strong></p>
<div class="tabella-nutrizionale-container" style="max-width: 400px; margin: 20px 0; font-family: -apple-system, BlinkMacSystemFont, 'Segoe UI', Roboto, Helvetica, Arial, sans-serif; border: 1px solid #e0e0e0; border-radius: 8px; overflow: hidden; box-shadow: 0 2px 4px rgba(0,0,0,0.05);">
<div style="background-color: #f8f9fa; padding: 15px; border-bottom: 2px solid #222;">
<h3 style="margin: 0; font-size: 18px; font-weight: bold; uppercase; color: #222;">Valores nutricionales</h3>
<p style="margin: 5px 0 0 0; font-size: 13px; color: #666; font-style: italic;">Valores medios por cada 100g de producto</p>
</div>
<table style="width: 100%; border-collapse: collapse; margin: 0; background: #fff;">
<tbody>
<tr style="border-bottom: 1px solid #eeeeee;">
Valor </p>
<td style="padding: 12px 15px; font-weight: 600; color: #222; font-size: 14px;">energético</td>
<td style="padding: 12px 15px; text-align: right; font-weight: 600; color: #222; font-size: 14px;">649 kJ / 155 kcal</td>
</tr>
<tr style="border-bottom: 1px solid #eeeeee;">
<td style="padding: 12px 15px; font-weight: 600; color: #222; font-size: 14px;">Grasa</td>
<td style="padding: 12px 15px; text-align: right; color: #333; font-size: 14px;">4,9 g</td>
</tr>
<tr style="border-bottom: 1px solid #eeeeee; background-color: #fafafa;">
<td style="padding: 10px 15px 10px 30px; color: #666; font-size: 13px;"><em>de los cuales ácidos grasos saturados</em></td>
<td style="padding: 10px 15px; text-align: right; color: #666; font-size: 13px;">1,2 g</td>
</tr>
<tr style="border-bottom: 1px solid #eeeeee;">
<td style="padding: 12px 15px; font-weight: 600; color: #222; font-size: 14px;">Carbohidratos</td>
<td style="padding: 12px 15px; text-align: right; color: #333; font-size: 14px;">1,5 g</td>
</tr>
<tr style="border-bottom: 1px solid #eeeeee; background-color: #fafafa;">
<td style="padding: 10px 15px 10px 30px; color: #666; font-size: 13px;"><em>de los cuales Azúcares</em></td>
<td style="padding: 10px 15px; text-align: right; color: #666; font-size: 13px;">0,8 g</td>
</tr>
<tr style="border-bottom: 1px solid #eeeeee;">
<td style="padding: 12px 15px; font-weight: 600; color: #222; font-size: 14px;">Proteína</td>
<td style="padding: 12px 15px; text-align: right; color: #333; font-size: 14px;">31 g</td>
</tr>
<tr style="border-bottom: 1px solid #222;">
<td style="padding: 12px 15px; font-weight: 600; color: #222; font-size: 14px;">Sal</td>
<td style="padding: 12px 15px; text-align: right; color: #333; font-size: 14px;">1,2 g</td>
</tr>
</tbody>
</table>
</div>
<p>&nbsp;</p>
<p>&nbsp;</p>
</div>

<p>Sus características peculiares son, además del condimento de más de 24 meses, el aroma de las especias utilizadas, la suavidad de la carne y el delicado ahumado elaborado con virutas de roble y haya, todo ello combinado con un condimento en células con humedad y temperatura controladas.<br />
 Precio €/kg 178,50</p>

La Guanciale de barriga de atún blufin de Salumeria Ittica es un producto gastronómico muy fino, obtenido de la preparación del filete magro de pez espada mediterráneo y sazonado con ventilación natural. Tiene un sabor intenso; debe cortarse en rodajas muy finas que se sazonan con aceite de oliva virgen extra.
