{"id":22489,"date":"2018-07-05T14:04:27","date_gmt":"2018-07-05T14:04:27","guid":{"rendered":"https:\/\/salumeriaittica.org\/prodotto\/mortadella-di-mare\/"},"modified":"2026-08-31T16:49:12","modified_gmt":"2026-08-31T16:49:12","slug":"mortadella-di-mare","status":"publish","type":"product","link":"https:\/\/salumeriaittica.org\/es\/prodotto\/mortadella-di-mare\/","title":{"rendered":"Mortadella de mariscos"},"content":{"rendered":"<div>\n<h1>Mortadella de mariscos<\/h1>\n<p>La Mortadella de Mar de Pistacho se procesa directamente en nuestra planta de producci\u00f3n en<b> Toscana<\/b>, donde llegan los mejores peces capturados en las ricas aguas de nuestro mar Mediterr\u00e1neo, por lo que podemos garantizar una alta calidad durante todo el a\u00f1o.<\/p>\n<p><span style=\"float: none; background-color: transparent; color: #191e23; font-family: 'Noto Serif'; font-size: 16px; font-style: normal; font-variant: normal; font-weight: 400; letter-spacing: normal; line-height: 28.8px; text-align: left; text-decoration: none; text-indent: 0px; text-transform: none;\">Mortadella de marisco, un cl\u00e1sico hist\u00f3rico que, junto con la porcheta de at\u00fan, ha hecho historia en nuestra empresa.<\/span><br \/><span style=\"float: none; background-color: transparent; color: #191e23; font-family: 'Noto Serif'; font-size: 16px; font-style: normal; font-variant: normal; font-weight: 400; letter-spacing: normal; line-height: 28.8px; text-align: left; text-decoration: none; text-indent: 0px; text-transform: none;\">La mortadela de at\u00fan se elabora con at\u00fan de aleta amarilla, calamar y pez espada combinados con aromas, especias, sal y pistacho, y luego se cocina.<\/span><\/p>\n<p><strong>Este<\/strong> es el secreto de c\u00f3mo se produce nuestra <strong>Mortadella di Mare<\/strong> ; un producto procesado de forma antigua, con un contenido nutricional muy alto que incluye:<\/p>\n<\/div>\n<div>\n<ul>\n<li>Alto contenido proteico Aprox. 32%<\/li>\n<li>Cocci\u00f3n lenta<\/li>\n<li>Contenido reducido de grasa (solo 0,9%)<\/li>\n<li>Contiene Omega 3 y 6, aliados preciosos de nuestro cuerpo<\/li>\n<li>Contiene muchos minerales como potasio, selenio y f\u00f3sforo<\/li>\n<li>Tambi\u00e9n hay vitaminas del grupo B<\/li>\n<li>Ideal en dietas bajas en calor\u00edas<\/li>\n<li>Sin gluten<\/li>\n<li>Incre\u00edblemente bueno y ligero, ideal para dietas bajas en calor\u00edas.<\/li>\n<li>Adecuado para deportistas y entusiastas de la salud<\/li>\n<\/ul>\n<\/div>\n<div>\n<p>.<\/p>\n<p><strong>Embalaje: <\/strong>envase al vac\u00edo<\/p>\n<p><strong>Duraci\u00f3n: 6<\/strong>0 d\u00edas<\/p>\n<p><strong>Disponibilidad: <\/strong>todo el a\u00f1o<\/p>\n<ul>\n<li>Precio \u20ac\/kg 87,46\n<p>Ingredientes: <strong>AT\u00daN de aleta amarilla<\/strong> (Thunnus albacares), <strong>PEZ ESPADA<\/strong> (Xiphias gladius), <strong>SALM\u00d3N<\/strong> (Salmo salar), <strong>calamar gigante<\/strong> del Pac\u00edfico (Dosidicus gigas), <strong>PISTACHO,<\/strong> <strong>clara de huevo<\/strong>, hierbas y especias, plantas arom\u00e1ticas, sal Volterra, az\u00facar, antioxidantes: \u00e1cido c\u00edtrico, ascorbato de sodio; E124 Ponceau 4R (puede afectar negativamente la actividad y atenci\u00f3n en ni\u00f1os).<\/li>\n<\/ul>\n<p>AL\u00c9RGENOS:<strong> PESCADO, MARISCOS, FRUTOS SECOS<br \/><\/strong>Puede contener rastros de:<strong> CRUST\u00c1CEOS<\/p>\n<p><\/strong><\/p>\n<div class=\"tabella-nutrizionale-container\" style=\"max-width: 400px; margin: 20px 0; font-family: -apple-system, BlinkMacSystemFont, 'Segoe UI', Roboto, Helvetica, Arial, sans-serif; border: 1px solid #e0e0e0; border-radius: 8px; overflow: hidden; box-shadow: 0 2px 4px rgba(0,0,0,0.05);\">\n<div style=\"background-color: #f8f9fa; padding: 15px; border-bottom: 2px solid #222;\">\n<h3 style=\"margin: 0; font-size: 18px; font-weight: bold; uppercase; color: #222;\">Valores nutricionales<\/h3>\n<p style=\"margin: 5px 0 0 0; font-size: 13px; color: #666; font-style: italic;\">Valores medios por cada 100g de producto<\/p>\n<\/div>\n<table style=\"width: 100%; border-collapse: collapse; margin: 0; background: #fff;\">\n<tbody>\n<tr style=\"border-bottom: 1px solid #eeeeee;\">\nValor <\/p>\n<td style=\"padding: 12px 15px; font-weight: 600; color: #222; font-size: 14px;\">energ\u00e9tico<\/td>\n<td style=\"padding: 12px 15px; text-align: right; font-weight: 600; color: #222; font-size: 14px;\">531 kJ \/ 127 kcal<\/td>\n<\/tr>\n<tr style=\"border-bottom: 1px solid #eeeeee;\">\n<td style=\"padding: 12px 15px; font-weight: 600; color: #222; font-size: 14px;\">Grasa<\/td>\n<td style=\"padding: 12px 15px; text-align: right; color: #333; font-size: 14px;\">0,8 g<\/td>\n<\/tr>\n<tr style=\"border-bottom: 1px solid #eeeeee; background-color: #fafafa;\">\n<td style=\"padding: 10px 15px 10px 30px; color: #666; font-size: 13px;\"><em>de los cuales \u00e1cidos grasos saturados<\/em><\/td>\n<td style=\"padding: 10px 15px; text-align: right; color: #666; font-size: 13px;\">0,5 g<\/td>\n<\/tr>\n<tr style=\"border-bottom: 1px solid #eeeeee;\">\n<td style=\"padding: 12px 15px; font-weight: 600; color: #222; font-size: 14px;\">Carbohidratos<\/td>\n<td style=\"padding: 12px 15px; text-align: right; color: #333; font-size: 14px;\">0,5 g<\/td>\n<\/tr>\n<tr style=\"border-bottom: 1px solid #eeeeee; background-color: #fafafa;\">\n<td style=\"padding: 10px 15px 10px 30px; color: #666; font-size: 13px;\"><em>de los cuales Az\u00facares<\/em><\/td>\n<td style=\"padding: 10px 15px; text-align: right; color: #666; font-size: 13px;\">0,3 g<\/td>\n<\/tr>\n<tr style=\"border-bottom: 1px solid #eeeeee;\">\n<td style=\"padding: 12px 15px; font-weight: 600; color: #222; font-size: 14px;\">Prote\u00edna<\/td>\n<td style=\"padding: 12px 15px; text-align: right; color: #333; font-size: 14px;\">29 g<\/td>\n<\/tr>\n<tr style=\"border-bottom: 1px solid #222;\">\n<td style=\"padding: 12px 15px; font-weight: 600; color: #222; font-size: 14px;\">Sal<\/td>\n<td style=\"padding: 12px 15px; text-align: right; color: #333; font-size: 14px;\">1 g<\/td>\n<\/tr>\n<\/tbody>\n<\/table>\n<\/div>\n<h2>El sabor, la suavidad y el aroma de Mortadella di Mare son sus caracter\u00edsticas peculiares<\/h2>\n<p><span style=\"float: none; background-color: transparent; color: #191e23; font-family: 'Noto Serif'; font-size: 16px; font-style: normal; font-variant: normal; font-weight: 400; letter-spacing: normal; line-height: 28.8px; text-align: left; text-decoration: none; text-indent: 0px; text-transform: none;\">Va bien con bollos rellenos, bollos rellenos, <\/span><br \/><span style=\"float: none; background-color: transparent; color: #191e23; font-family: 'Noto Serif'; font-size: 16px; font-style: normal; font-variant: normal; font-weight: 400; letter-spacing: normal; line-height: 28.8px; text-align: left; text-decoration: none; text-indent: 0px; text-transform: none;\">bandejas de \u00abSalumi di Mare\u00bb o cortadas en cubos como aperitivo en un excelente aperitivo.<\/span><\/p>\n<p><a href=\"https:\/\/salumeriaittica.org\/es\/?attachment_id=2190\" rel=\"attachment wp-att-2190\"><img loading=\"lazy\" decoding=\"async\" class=\"alignnone size-medium wp-image-2190\" src=\"https:\/\/salumeriaittica.org\/wp-content\/uploads\/2018\/07\/Mortadella-di-mare-2-300x200.jpg\" alt=\"\" width=\"300\" height=\"200\" srcset=\"https:\/\/salumeriaittica.org\/wp-content\/uploads\/2018\/07\/Mortadella-di-mare-2-300x200.jpg 300w, https:\/\/salumeriaittica.org\/wp-content\/uploads\/2018\/07\/Mortadella-di-mare-2-scaled-500x333.jpg 500w, https:\/\/salumeriaittica.org\/wp-content\/uploads\/2018\/07\/Mortadella-di-mare-2-768x512.jpg 768w, https:\/\/salumeriaittica.org\/wp-content\/uploads\/2018\/07\/Mortadella-di-mare-2-1024x683.jpg 1024w, https:\/\/salumeriaittica.org\/wp-content\/uploads\/2018\/07\/Mortadella-di-mare-2-340x225.jpg 340w, https:\/\/salumeriaittica.org\/wp-content\/uploads\/2018\/07\/Mortadella-di-mare-2-scaled-600x400.jpg 600w\" sizes=\"auto, (max-width: 300px) 100vw, 300px\" \/><\/a><\/p>\n<\/div>\n&#13;\n<figure class=\"wp-block-image\">&#13;\n<figcaption>Mortadella de mariscos<br\/><br\/>REPAS con Mortadella de marisco<br\/><br\/>F\u00e1cil y sabroso&#8230;<br\/><div id=\"attachment_2192\" style=\"width: 310px\" class=\"wp-caption alignnone\"><a href=\"https:\/\/salumeriaittica.org\/es\/?attachment_id=2192\" rel=\"attachment wp-att-2192\"><img loading=\"lazy\" decoding=\"async\" aria-describedby=\"caption-attachment-2192\" class=\"size-medium wp-image-2192\" src=\"https:\/\/salumeriaittica.org\/wp-content\/uploads\/2018\/07\/pizza-mortadella-pistacchio-e-burrata-300x225.jpg\" alt=\"\" width=\"300\" height=\"225\" srcset=\"https:\/\/salumeriaittica.org\/wp-content\/uploads\/2018\/07\/pizza-mortadella-pistacchio-e-burrata-300x225.jpg 300w, https:\/\/salumeriaittica.org\/wp-content\/uploads\/2018\/07\/pizza-mortadella-pistacchio-e-burrata-500x375.jpg 500w, https:\/\/salumeriaittica.org\/wp-content\/uploads\/2018\/07\/pizza-mortadella-pistacchio-e-burrata.jpg 550w\" sizes=\"auto, (max-width: 300px) 100vw, 300px\" \/><\/a><p id=\"caption-attachment-2192\" class=\"wp-caption-text\">Pizza con mortadella de marisco, pistacho y burrata<\/p><\/div>\n<\/figcaption>&#13;\n<\/figure>&#13;\n","protected":false},"excerpt":{"rendered":"<p>Mortadella di Mare Se combina f\u00e1cilmente en bocadillos rellenos, focaccia rellena, <br \/>bandejas de \u00abSalumi di Mare\u00bb o cortadas en cubos como aperitivo en un excelente aperitivo.<br \/>Excelente en una pizza blanca con burrata apulia y granos de pistacho.<br \/>Precio \u20ac\/kg 87,46<\/p>\n","protected":false},"featured_media":22502,"comment_status":"open","ping_status":"closed","template":"","meta":{"_coblocks_attr":"","_coblocks_dimensions":"","_coblocks_responsive_height":"","_coblocks_accordion_ie_support":"","om_disable_all_campaigns":false,"_uf_show_specific_survey":0,"_uf_disable_surveys":false,"slim_seo":{"title":"Mortadella di Mare - El original de los \"Salumi di Mare\"","description":"Mortadella di Mare La mortadella original de pescado es un producto hist\u00f3rico de Salumi di Mare. Se combina f\u00e1cilmente en bocadillos rellenos, focaccia rellena, bandejas de \"Salumi di Mare\" o cortada en cubos como entrante en un excelente aperitivo. Excelente en una pizza blanca con burrata apuliana y granos de pistacho."}},"product_brand":[],"product_cat":[2895,3440,4042,1360,1363],"product_tag":[3349,3350,4066,4065,4067],"class_list":["post-22489","product","type-product","status-publish","has-post-thumbnail","product_cat-carpaccio","product_cat-embutidos-curados-2","product_cat-salami-di-pesce","product_cat-sin-gluten","product_cat-sin-lactosa","product_tag-atun","product_tag-atun-curado","product_tag-bresaola","product_tag-bresaola-di-tonno","product_tag-pistacchio","yith_product_brand-embutidos-curados-de-marisco","first","instock","shipping-taxable","purchasable","product-type-variable"],"_links":{"self":[{"href":"https:\/\/salumeriaittica.org\/es\/wp-json\/wp\/v2\/product\/22489","targetHints":{"allow":["GET"]}}],"collection":[{"href":"https:\/\/salumeriaittica.org\/es\/wp-json\/wp\/v2\/product"}],"about":[{"href":"https:\/\/salumeriaittica.org\/es\/wp-json\/wp\/v2\/types\/product"}],"replies":[{"embeddable":true,"href":"https:\/\/salumeriaittica.org\/es\/wp-json\/wp\/v2\/comments?post=22489"}],"wp:featuredmedia":[{"embeddable":true,"href":"https:\/\/salumeriaittica.org\/es\/wp-json\/wp\/v2\/media\/22502"}],"wp:attachment":[{"href":"https:\/\/salumeriaittica.org\/es\/wp-json\/wp\/v2\/media?parent=22489"}],"wp:term":[{"taxonomy":"product_brand","embeddable":true,"href":"https:\/\/salumeriaittica.org\/es\/wp-json\/wp\/v2\/product_brand?post=22489"},{"taxonomy":"product_cat","embeddable":true,"href":"https:\/\/salumeriaittica.org\/es\/wp-json\/wp\/v2\/product_cat?post=22489"},{"taxonomy":"product_tag","embeddable":true,"href":"https:\/\/salumeriaittica.org\/es\/wp-json\/wp\/v2\/product_tag?post=22489"}],"curies":[{"name":"wp","href":"https:\/\/api.w.org\/{rel}","templated":true}]}}

<div>
<h1>Mortadella de mariscos</h1>
<p>La Mortadella de Mar de Pistacho se procesa directamente en nuestra planta de producción en<b> Toscana</b>, donde llegan los mejores peces capturados en las ricas aguas de nuestro mar Mediterráneo, por lo que podemos garantizar una alta calidad durante todo el año.</p>
<p><span style="float: none; background-color: transparent; color: #191e23; font-family: 'Noto Serif'; font-size: 16px; font-style: normal; font-variant: normal; font-weight: 400; letter-spacing: normal; line-height: 28.8px; text-align: left; text-decoration: none; text-indent: 0px; text-transform: none;">Mortadella de marisco, un clásico histórico que, junto con la porcheta de atún, ha hecho historia en nuestra empresa.</span><br /><span style="float: none; background-color: transparent; color: #191e23; font-family: 'Noto Serif'; font-size: 16px; font-style: normal; font-variant: normal; font-weight: 400; letter-spacing: normal; line-height: 28.8px; text-align: left; text-decoration: none; text-indent: 0px; text-transform: none;">La mortadela de atún se elabora con atún de aleta amarilla, calamar y pez espada combinados con aromas, especias, sal y pistacho, y luego se cocina.</span></p>
<p><strong>Este</strong> es el secreto de cómo se produce nuestra <strong>Mortadella di Mare</strong> ; un producto procesado de forma antigua, con un contenido nutricional muy alto que incluye:</p>
</div>
<div>
<ul>
<li>Alto contenido proteico Aprox. 32%</li>
<li>Cocción lenta</li>
<li>Contenido reducido de grasa (solo 0,9%)</li>
<li>Contiene Omega 3 y 6, aliados preciosos de nuestro cuerpo</li>
<li>Contiene muchos minerales como potasio, selenio y fósforo</li>
<li>También hay vitaminas del grupo B</li>
<li>Ideal en dietas bajas en calorías</li>
<li>Sin gluten</li>
<li>Increíblemente bueno y ligero, ideal para dietas bajas en calorías.</li>
<li>Adecuado para deportistas y entusiastas de la salud</li>
</ul>
</div>
<div>
<p>.</p>
<p><strong>Embalaje: </strong>envase al vacío</p>
<p><strong>Duración: 6</strong>0 días</p>
<p><strong>Disponibilidad: </strong>todo el año</p>
<ul>
<li>Precio €/kg 87,46
<p>Ingredientes: <strong>ATÚN de aleta amarilla</strong> (Thunnus albacares), <strong>PEZ ESPADA</strong> (Xiphias gladius), <strong>SALMÓN</strong> (Salmo salar), <strong>calamar gigante</strong> del Pacífico (Dosidicus gigas), <strong>PISTACHO,</strong> <strong>clara de huevo</strong>, hierbas y especias, plantas aromáticas, sal Volterra, azúcar, antioxidantes: ácido cítrico, ascorbato de sodio; E124 Ponceau 4R (puede afectar negativamente la actividad y atención en niños).</li>
</ul>
<p>ALÉRGENOS:<strong> PESCADO, MARISCOS, FRUTOS SECOS<br /></strong>Puede contener rastros de:<strong> CRUSTÁCEOS</p>
<p></strong></p>
<div class="tabella-nutrizionale-container" style="max-width: 400px; margin: 20px 0; font-family: -apple-system, BlinkMacSystemFont, 'Segoe UI', Roboto, Helvetica, Arial, sans-serif; border: 1px solid #e0e0e0; border-radius: 8px; overflow: hidden; box-shadow: 0 2px 4px rgba(0,0,0,0.05);">
<div style="background-color: #f8f9fa; padding: 15px; border-bottom: 2px solid #222;">
<h3 style="margin: 0; font-size: 18px; font-weight: bold; uppercase; color: #222;">Valores nutricionales</h3>
<p style="margin: 5px 0 0 0; font-size: 13px; color: #666; font-style: italic;">Valores medios por cada 100g de producto</p>
</div>
<table style="width: 100%; border-collapse: collapse; margin: 0; background: #fff;">
<tbody>
<tr style="border-bottom: 1px solid #eeeeee;">
Valor </p>
<td style="padding: 12px 15px; font-weight: 600; color: #222; font-size: 14px;">energético</td>
<td style="padding: 12px 15px; text-align: right; font-weight: 600; color: #222; font-size: 14px;">531 kJ / 127 kcal</td>
</tr>
<tr style="border-bottom: 1px solid #eeeeee;">
<td style="padding: 12px 15px; font-weight: 600; color: #222; font-size: 14px;">Grasa</td>
<td style="padding: 12px 15px; text-align: right; color: #333; font-size: 14px;">0,8 g</td>
</tr>
<tr style="border-bottom: 1px solid #eeeeee; background-color: #fafafa;">
<td style="padding: 10px 15px 10px 30px; color: #666; font-size: 13px;"><em>de los cuales ácidos grasos saturados</em></td>
<td style="padding: 10px 15px; text-align: right; color: #666; font-size: 13px;">0,5 g</td>
</tr>
<tr style="border-bottom: 1px solid #eeeeee;">
<td style="padding: 12px 15px; font-weight: 600; color: #222; font-size: 14px;">Carbohidratos</td>
<td style="padding: 12px 15px; text-align: right; color: #333; font-size: 14px;">0,5 g</td>
</tr>
<tr style="border-bottom: 1px solid #eeeeee; background-color: #fafafa;">
<td style="padding: 10px 15px 10px 30px; color: #666; font-size: 13px;"><em>de los cuales Azúcares</em></td>
<td style="padding: 10px 15px; text-align: right; color: #666; font-size: 13px;">0,3 g</td>
</tr>
<tr style="border-bottom: 1px solid #eeeeee;">
<td style="padding: 12px 15px; font-weight: 600; color: #222; font-size: 14px;">Proteína</td>
<td style="padding: 12px 15px; text-align: right; color: #333; font-size: 14px;">29 g</td>
</tr>
<tr style="border-bottom: 1px solid #222;">
<td style="padding: 12px 15px; font-weight: 600; color: #222; font-size: 14px;">Sal</td>
<td style="padding: 12px 15px; text-align: right; color: #333; font-size: 14px;">1 g</td>
</tr>
</tbody>
</table>
</div>
<h2>El sabor, la suavidad y el aroma de Mortadella di Mare son sus características peculiares</h2>
<p><span style="float: none; background-color: transparent; color: #191e23; font-family: 'Noto Serif'; font-size: 16px; font-style: normal; font-variant: normal; font-weight: 400; letter-spacing: normal; line-height: 28.8px; text-align: left; text-decoration: none; text-indent: 0px; text-transform: none;">Va bien con bollos rellenos, bollos rellenos, </span><br /><span style="float: none; background-color: transparent; color: #191e23; font-family: 'Noto Serif'; font-size: 16px; font-style: normal; font-variant: normal; font-weight: 400; letter-spacing: normal; line-height: 28.8px; text-align: left; text-decoration: none; text-indent: 0px; text-transform: none;">bandejas de «Salumi di Mare» o cortadas en cubos como aperitivo en un excelente aperitivo.</span></p>
<p><a href="https://salumeriaittica.org/es/?attachment_id=2190" rel="attachment wp-att-2190"><img loading="lazy" decoding="async" class="alignnone size-medium wp-image-2190" src="https://salumeriaittica.org/wp-content/uploads/2018/07/Mortadella-di-mare-2-300x200.jpg" alt="" width="300" height="200" srcset="https://salumeriaittica.org/wp-content/uploads/2018/07/Mortadella-di-mare-2-300x200.jpg 300w, https://salumeriaittica.org/wp-content/uploads/2018/07/Mortadella-di-mare-2-scaled-500x333.jpg 500w, https://salumeriaittica.org/wp-content/uploads/2018/07/Mortadella-di-mare-2-768x512.jpg 768w, https://salumeriaittica.org/wp-content/uploads/2018/07/Mortadella-di-mare-2-1024x683.jpg 1024w, https://salumeriaittica.org/wp-content/uploads/2018/07/Mortadella-di-mare-2-340x225.jpg 340w, https://salumeriaittica.org/wp-content/uploads/2018/07/Mortadella-di-mare-2-scaled-600x400.jpg 600w" sizes="auto, (max-width: 300px) 100vw, 300px" /></a></p>
</div>
&#13;
<figure class="wp-block-image">&#13;
<figcaption>Mortadella de mariscos<br/><br/>REPAS con Mortadella de marisco<br/><br/>Fácil y sabroso&#8230;<br/><div id="attachment_2192" style="width: 310px" class="wp-caption alignnone"><a href="https://salumeriaittica.org/es/?attachment_id=2192" rel="attachment wp-att-2192"><img loading="lazy" decoding="async" aria-describedby="caption-attachment-2192" class="size-medium wp-image-2192" src="https://salumeriaittica.org/wp-content/uploads/2018/07/pizza-mortadella-pistacchio-e-burrata-300x225.jpg" alt="" width="300" height="225" srcset="https://salumeriaittica.org/wp-content/uploads/2018/07/pizza-mortadella-pistacchio-e-burrata-300x225.jpg 300w, https://salumeriaittica.org/wp-content/uploads/2018/07/pizza-mortadella-pistacchio-e-burrata-500x375.jpg 500w, https://salumeriaittica.org/wp-content/uploads/2018/07/pizza-mortadella-pistacchio-e-burrata.jpg 550w" sizes="auto, (max-width: 300px) 100vw, 300px" /></a><p id="caption-attachment-2192" class="wp-caption-text">Pizza con mortadella de marisco, pistacho y burrata</p></div>
</figcaption>&#13;
</figure>&#13;

<p>Mortadella di Mare Se combina fácilmente en bocadillos rellenos, focaccia rellena, <br />bandejas de «Salumi di Mare» o cortadas en cubos como aperitivo en un excelente aperitivo.<br />Excelente en una pizza blanca con burrata apulia y granos de pistacho.<br />Precio €/kg 87,46</p>

Mortadella di Mare La mortadella original de pescado es un producto histórico de Salumi di Mare. Se combina fácilmente en bocadillos rellenos, focaccia rellena, bandejas de "Salumi di Mare" o cortada en cubos como entrante en un excelente aperitivo. Excelente en una pizza blanca con burrata apuliana y granos de pistacho.
